Let c(s) = -62*s**3 - 2*s - 2. Let u be c(-1). Let j = u - 37. Calculate the remainder when 86 is divided by j.
11
Let d(y) = y**3 - 5*y**2 + 7*y - 6. Let g be d(4). Let h(f) = 7*f**2 + 12. Let k be h(g). Let u = -178 + k. What is the remainder when u is divided by 29?
28
Let s = 35 - -147. Suppose -4*n = 534 - s. Let p = n - -141. Calculate the remainder when p is divided by 14.
11
Let p(v) = 19*v - 10. Let o be p(6). Let z = o + -83. Calculate the remainder when z is divided by 6.
3
Let d(r) = -r. Let l(y) = 24*y**2 - 2*y - 3. Let p = -62 + 61. Calculate the remainder when l(p) is divided by d(-6).
5
Suppose 5 - 45 = -5*u. Suppose p = 3*z + 29 + u, 5*p + 2*z - 100 = 0. What is the remainder when 108 is divided by p?
20
Suppose -2*h - 5*p = -0*p + 14, 0 = h + 5*p + 17. Suppose h*k - 270 = -3*m, 5*k - 110 = -2*m + m. What is the remainder when m is divided by 22?
19
Suppose 2*t = 2*u + 8, 2*u = -5*t - 2*u + 11. Let n(r) = -t - 9*r + 5 - r. What is the remainder when n(-2) is divided by 12?
10
Let l be (-492)/15 - (1 + -4)/(-15). Let q = l - -56. What is the remainder when 137 is divided by q?
22
Suppose -6*q + 35 = -16 - 81. Calculate the remainder when (-8)/6*(-63)/2 is divided by q.
20
Suppose 0*t - 118 = -4*i - t, 0 = -3*i + 2*t + 94. Suppose -72*g - 116 = -74*g. Calculate the remainder when g is divided by i.
28
Let y = -699 + 1264. What is the remainder when 72 is divided by 2/12 - y/(-30)?
15
Suppose -5*j + 139 = -3*q, 145 = -3*q + 3*j - 4*j. What is the remainder when 6/q + 585/8 is divided by 19?
16
Let c = -45 - -68. Let i = 41 + -29. Calculate the remainder when c is divided by i.
11
Let a(y) = -2*y**3 + 9*y + 11. Suppose -19 = -5*j + 6. What is the remainder when a(-2) is divided by j?
4
Suppose -4*g - 32*g + 504 = 0. What is the remainder when 427 is divided by g?
7
Let x be (-5)/(60/(-9))*-8. Let l = x + 26. Let k = 61 - 50. What is the remainder when l is divided by k?
9
Suppose -6*x + 9407 = 4*p - x, -x = -5*p + 11766. Calculate the remainder when p is divided by 15.
13
Suppose 0 = -4*j + j + 309. Let c = 213 - j. Suppose 0 = -2*q - 3*q + c. Calculate the remainder when q is divided by 12.
10
Suppose 0 = -4*i - 33 - 15. Let a = 89 - 10. What is the remainder when a is divided by (162/i)/(3/(-6))?
25
Suppose 0*u = -3*u - 5*t - 14, u + 3*t = -10. Suppose u*x = x + 160. Suppose 10*z - x = 6*z. What is the remainder when z is divided by 21?
19
Let c = -428 - -920. Calculate the remainder when c is divided by 13.
11
Suppose -2*l = 5*a - 12, 4*l - a + 17 + 3 = 0. Let g = 32 + -16. What is the remainder when g is divided by (-12)/(-8) + (-34)/l?
6
Let v be (-9)/21 + (-186)/7. Suppose 16*k - 530 = 318. Let q = v + k. Calculate the remainder when 102 is divided by q.
24
Let m = 129 - 58. Suppose 0 = 6*o - 4*o - 6. Suppose o*s - m = 3*f + 160, -263 = -3*s - 5*f. Calculate the remainder when s is divided by 21.
18
Let t(d) = d**3 - 2*d**2 + d + 1. Let x be t(3). Let q = x - -32. What is the remainder when q is divided by 12?
9
Calculate the remainder when 45 is divided by (-8)/2 + 28/1 + 10.
11
Suppose -12 = 2*r + 5*d, d = -2*r + 3*d + 16. Suppose 0 = -r*m - 10 + 202. What is the remainder when m is divided by 13?
9
Let h = -8 + 13. Calculate the remainder when 26 - -6*1*15/45 is divided by h.
3
Let s be 2 - 0*(-5)/10. Suppose -3*g = s - 11. Suppose 2*n = w - 5, -g*w - 4*n + 0*n = -25. What is the remainder when 13 is divided by w?
6
Suppose z - 3 + 19 = -4*a, -3*z + 16 = -4*a. Suppose -11 - 5 = 2*s + 3*j, -5*j + 43 = -3*s. Let u = a - s. Calculate the remainder when 27 is divided by u.
6
Suppose -4*k + 2*z = -260, -2*k + 5*z + 4 = -134. Let u = k + -59. Calculate the remainder when 29 is divided by u.
4
Let t be (-6)/(-2) + (-2 - -82 - -2). Calculate the remainder when 65 is divided by t*((24/10 - 2) + 0).
31
Suppose 544*d + 112 = 548*d. Calculate the remainder when d is divided by 7.
0
What is the remainder when 112 is divided by (83/(-8) + 36/96)/(-1)?
2
What is the remainder when 238 is divided by (48/(-9))/(-1)*(-315)/(-42)?
38
Let q(n) = 3*n**3 - 32*n**2 - n - 85. Calculate the remainder when 128 is divided by q(11).
3
Suppose 261 = 11*y + 96. What is the remainder when 128 is divided by y?
8
What is the remainder when 27 is divided by 9/(1 + 5/10)?
3
Let o be (-46*2)/(-4) - 3. Suppose -3*b - c + o = 0, 5*b - c = 19 + 17. Calculate the remainder when (-6)/15 + (-231)/(-15) - 3 is divided by b.
5
Let m = -3 - -7. Suppose -40*y = -894 - 106. What is the remainder when y is divided by m?
1
Suppose 5*g - 210 = 2*h, -61*g - 55 = -63*g - 5*h. What is the remainder when 194 is divided by g?
34
Let q(j) = -j**3 + 17*j**2 + 2*j - 8. What is the remainder when q(17) is divided by 7?
5
Suppose -b = -6*b + 15. Suppose -u = -2*l + 1 + 3, 6 = b*l + 2*u. Suppose -14 = -2*m - l*r, 0*m + m = 5*r + 37. What is the remainder when m is divided by 7?
5
Suppose 43 = -9*b + 169. What is the remainder when 18 is divided by b?
4
Suppose -15*w = -3*w - 72. Calculate the remainder when 110 is divided by w.
2
Suppose 2*j + j = 54. Let w be 2 - (3 - (1 - -2)). Suppose c + 33 = w*x - x, c - 132 = -4*x. What is the remainder when x is divided by j?
15
Let l = -37 + 51. Calculate the remainder when 32 is divided by l.
4
Let a(m) = 8*m**3 - m + 3. Let i be a(2). Suppose -i = 10*c - 455. Calculate the remainder when c is divided by 24.
15
Suppose 3*k = 2*t - 141, -5*t + 163 = 4*k - 224. What is the remainder when (t/(-50))/((-1)/136) is divided by 41?
40
What is the remainder when 281 is divided by (-254)/(-14) + (20/(-70))/2?
11
Suppose 4*n - 74 - 130 = 0. Suppose 0 = -w - 5*a + 29, 5*w + 3*a + 16 = n. Suppose -w = c - 18. Calculate the remainder when 53 is divided by c.
11
Suppose -3*x + 3*m = -1 - 14, -m - 26 = -4*x. Let o(g) = -6*g + 2. What is the remainder when o(-4) is divided by x?
5
Let p = 284 - 64. Let n = -152 + p. What is the remainder when n is divided by 14?
12
Let j(u) = -10*u + 452. What is the remainder when 298 is divided by j(35)?
94
Suppose 5*w - 323 = 3*x, 2 = 2*x + 4. Suppose 2*l = -l. Suppose l = -b + w - 4. What is the remainder when b is divided by 21?
18
What is the remainder when -7*2/(-21)*24 is divided by 6?
4
Suppose 4 = 8*k - 4*k. Let y be 38/3 + (-8)/12. Suppose 0 = -0*q + 4*q - y. What is the remainder when q is divided by k?
0
Suppose 0 = -6*x + 312 + 360. Suppose -82 = x*k - 114*k. Calculate the remainder when k is divided by 22.
19
Let f = -50 - -53. Suppose 637 = 4*o - f*t, -4*t = -5*o + o + 632. What is the remainder when o is divided by 41?
40
Let k = 646 - 489. Calculate the remainder when k is divided by 45.
22
Calculate the remainder when (-3)/(18/(-5466)) - 4 is divided by 35.
32
Let g(t) = -6*t**2 - 90*t + 19. Suppose -38 = -4*z - 10. Calculate the remainder when g(-15) is divided by z.
5
Let g(k) = k**3 - k**2 + 3*k - 5. Let z be g(2). Suppose 4*a - 86 = -2*x, z*x + 2 = -a + 10. Let m = 170 + -102. Calculate the remainder when m is divided by a.
22
Let q = -82 - -148. Let d(p) = -p**2 + 4. Let v be d(0). Suppose 3*u - v*u + 17 = 0. What is the remainder when q is divided by u?
15
Let q(t) = 144*t**3 - 3*t + 3. Suppose -o + 6 = i + 9, 2*i + 3*o + 10 = 0. Calculate the remainder when q(i) is divided by 29.
28
Suppose -3*z - 395 = -8*z. Suppose 3*m - 142 = -z. Calculate the remainder when 32 is divided by m.
11
Suppose 5*g - 10 = 10, 0 = -5*y - 2*g + 38. Let k = 2139 + -2104. Calculate the remainder when k is divided by y.
5
Let i(n) = -86*n - 222. What is the remainder when 43 is divided by i(-3)?
7
Let z = -14 + 28. What is the remainder when 78/(-12)*-3*(0 - -2) is divided by z?
11
Suppose 2*o - 3*c - 7 = 0, -2*c = -o - 4*c. Suppose -o*y - 5*i + 189 = 0, y - 4*i - 47 = 28. Calculate the remainder when y is divided by 18.
15
Suppose -b + 11 = -4*c, c = 4 - 2. Let l(v) = 2*v**2 - 4*v + 8. Calculate the remainder when l(6) is divided by b.
18
Let k(i) = 41*i**2 - i. Suppose -11 = -m - 4*c, -m + 4 = 5*c - 9. Suppose -y = 4 - m. Calculate the remainder when k(y) is divided by 11.
9
Suppose -21 = -3*x + 6. Let y = 7 - 3. Let j = y + -1. Calculate the remainder when x is divided by j.
0
Suppose -10*m = -14*m + 92. Calculate the remainder when 83 is divided by m.
14
Let o = 3 + -2. Calculate the remainder when (39 + -36)*(-2